f be (-2)/3*3 - 9. Let d = f + 36. What are the prime factors of d?
5
Suppose 0 = -2*p - 4*n + 194, -463 = -4*p - 3*n - 50. List the prime factors of p.
107
Let a(r) = -9*r + 5. Let i(l) = -4*l + 2. Let o(c) = -2*a(c) + 5*i(c). What are the prime factors of o(-6)?
2, 3
Suppose 11*k = 14*k - 936. List the prime factors of k.
2, 3, 13
Let o(r) = r - 2. Let c be o(4). Suppose -c*w + 20 = 2*w. List the prime factors of w.
5
Let k(j) = -4*j**2 - j. Let y be k(-1). Let r(a) = -5*a. List the prime factors of r(y).
3, 5
Let l(t) = -t**3 + 2*t**2 + 2*t + 3. Let m be l(3). Suppose m = s + s - 30. What are the prime factors of s?
3, 5
Suppose 0 = 2*w + 5*b - 8, -2*w = -0*w + b - 8. What are the prime factors of w?
2
Let w(r) = -9*r**3 - 4*r**2 - 3*r. List the prime factors of w(-2).
2, 31
Let m be (-1 + 4)*(1 + 0). Suppose 9*w = 5*w + 20. Suppose 0 = -4*b - w*g + 35, 0 = -m*b - 0*b + 3*g + 60. List the prime factors of b.
3, 5
Suppose 0 = -3*w - 2*w. Let x = w + 2. Suppose -t + 2 = x*n - 2, t = 4*n - 20. What are the prime factors of n?
2
List the prime factors of -2 + 0 + -1 + (42 - -175).
2, 107
Let x be (-5)/(15/6) + 5. Suppose x*d + d = 28. List the prime factors of d.
7
Let o be (-6)/(-9) + (-4)/6. Suppose o = -5*s - 0*s. Suppose s = 2*v + v - 24. What are the prime factors of v?
2
Let k(n) = n**3 - 8*n**2 - 10*n + 11. Let z be k(9). Suppose 49 = 4*u - 5*l, 3*u + 4*l + z + 0 = 0. What are the prime factors of u?
2, 3
Suppose 2*i - 66 = -4*q, -7 = 5*i + 8. What are the prime factors of q?
2, 3
Let h be 4*((-25)/(-4))/5. Suppose h*i = -2*d + 75, 0 = 5*d + 2*i - i - 153. What are the prime factors of d?
2, 3, 5
Let d(r) = -r**2 + 11*r + 10. What are the prime factors of d(7)?
2, 19
Suppose 18 = 5*v - 3*v. Let q = 11 - v. List the prime factors of q.
2
Let n = -19 + 34. Suppose -p + n = 4. What are the prime factors of p?
11
Suppose 0 = 4*j - 393 + 9. What are the prime factors of j?
2, 3
Suppose -m = 2*m + 5*h + 8, 5*m = -5*h. Let f = m + 4. List the prime factors of f.
2
Let f(o) = -o + 6. Let z be f(4). Suppose -z*k + 2*r + 4 + 2 = 0, -3*k = -5*r - 9. Suppose -6 = -k*b + 2*b. What are the prime factors of b?
2, 3
Suppose 3*j + 2*w = -0*j - 24, -30 = 4*j + 2*w. Let q = j - -21. List the prime factors of q.
3, 5
Suppose 264 = 6*j + 54. List the prime factors of j.
5, 7
Suppose -4*k - 8 = -2*z + 6*z, z = 2*k - 2. Let o(d) = -2*d - 2. Let w be o(z). Suppose -b + w*v = 4, -b + 10 = v - 1. What are the prime factors of b?
2, 3
Suppose 6 = -5*b - 4*v + 3*v, 4*v - 10 = -3*b. Let r be b/(-3)*(-6)/(-2). Suppose 16 = r*f + 6. What are the prime factors of f?
5
Let c(m) = m + 1. Let b(d) = 14*d + 4. Let w(r) = b(r) - 5*c(r). List the prime factors of w(1).
2
Let b = 5 - -17. Let y = 40 - b. Suppose y = -0*r + 3*r. List the prime factors of r.
2, 3
Let s(v) = -v**3 + 2. Let n be s(0). Suppose 0 = r + 4*b - 3, 5*r - n*b = -3*b + 53. What are the prime factors of r?
11
Let w = -2 - -4. Suppose -x = n + w*n - 35, -5*x = -n + 1. List the prime factors of n.
11
Suppose -5*m + 2*b = 100, 2*b = 3*m - 2*b + 60. Let j be (-13)/(-5) - m/50. Suppose 3*p - 3 - j = 0. What are the prime factors of p?
2
Let k = 9 - 3. Let r = -5 + k. List the prime factors of ((-30)/2)/r*-1.
3, 5
Suppose 0 = 4*l - 9 - 7. Let t = l - -3. List the prime factors of t.
7
Let f(q) = 8*q**2 + 5*q - 5. What are the prime factors of f(2)?
37
Let q = 24 - 20. What are the prime factors of q?
2
Let g be ((-27)/(-3))/(2/4). Suppose -5*m = g - 3. Let x = m + 5. What are the prime factors of x?
2
Suppose -3*q + 2*q = -17. Suppose -2*x + 5*c = -0*c + q, 2*c = -4*x + 26. List the prime factors of (x - 0)*(-2)/(-4).
2
Let g(o) = o**3 - 4*o**2 + 2*o - 6. Let t be g(4). Let a = t - -5. What are the prime factors of a?
7
Let l = 210 + -138. List the prime factors of l.
2, 3
Let g be 0/4*(-1)/2. List the prime factors of (-15)/2*(g - 2).
3, 5
List the prime factors of -1*5*8/(-4).
2, 5
Suppose -i = 15 + 21. Let x = -6 - i. List the prime factors of x.
2, 3, 5
Let z(o) be the first derivative of 3*o**4/4 - o**3/6 + 2*o - 2. Let j(w) be the first derivative of z(w). List the prime factors of j(-1).
2, 5
Let k be 21/6 + (-2)/4. Suppose k*z + 11 = 41. What are the prime factors of z?
2, 5
Let w(z) = -8*z - 1. Let r be w(-8). List the prime factors of 1/(r/(-33) + 2).
11
Let l = 18 + -2. Suppose 4*n + l = 0, 2*t = 3*n - 4*n. Suppose 3*f + t*f - 60 = 0. What are the prime factors of f?
2, 3
Let d(c) = c**3 + 7*c**2 + 4*c - 10. Let w be d(-6). Suppose -5*q + 5*t + w = -3, -5*t = 5*q - 45. List the prime factors of q.
5
Suppose -p + 2 = -2. Let y(l) = 2*l + 0 + 2 + 1. What are the prime factors of y(p)?
11
Suppose 4*p - 4*b + 12 = 0, -5*p - 5*b = -b + 6. List the prime factors of ((-72)/(-45))/(p/(-10)).
2
Suppose -6*z = -0*z. Suppose z = -2*o + o + 31. List the prime factors of o.
31
Let d be 2 - (-3 - 2*-2). Let g = d - -41. Let c = g - 27. List the prime factors of c.
3, 5
What are the prime factors of (-16)/4 - -4 - -15?
3, 5
Suppose 0 = 2*f + 2 - 4. Let g be 0/(-3) + 18 + -1. Suppose 3*j - f = g. List the prime factors of j.
2, 3
Suppose -5*q + 32 = -r + 76, 4*q = -5*r + 307. What are the prime factors of r?
59
Let v(f) = -f**3 + 8*f**2 - 9*f. List the prime factors of v(6).
2, 3
Let i be 16/(-12) - 2/(-6). What are the prime factors of (0 - 30)*i + -2?
2, 7
List the prime factors of 28*((-5)/(-2) - 0).
2, 5, 7
Let c = -4 + 4. Suppose c*j + 2 = -2*j. Let p(i) = -i**3 - 2*i - 1. List the prime factors of p(j).
2
Suppose -4*m + 178 = 2*o, 43 + 181 = 5*m + 2*o. List the prime factors of m.
2, 23
Suppose -2*o - 2 = 0, -2*n - 4*o - 2 - 16 = 0. Let a = -3 - n. List the prime factors of a.
2
Let y = -1 + 134. What are the prime factors of y?
7, 19
Let c be (3 + -2)*3/1. Let i(f) = 5 - 1 - 2*f + c*f. What are the prime factors of i(14)?
2, 3
Let o(x) = -x**3 + 5*x**2 + 9*x - 9. Let p be o(6). Suppose -81 = -5*d + p. What are the prime factors of d?
2, 3
Let a be 3*1*6/(-18). What are the prime factors of 0 + -2 + 6 + a?
3
Let p(d) = -d**2 - 8*d + 4. Let b be p(-6). What are the prime factors of (-43)/(-3) - b/(-24)?
3, 5
Let g(y) = -y**3 + 5*y**2 + 6*y + 3. Let j(w) = -18*w. Let r be j(-1). Suppose u + r = 4*u. What are the prime factors of g(u)?
3
Suppose -3*j - 5*k + 21 = 0, j - 3*k + 4 = -3. Suppose 0 = 5*m - d + 3*d - 52, 4*d - 8 = -j*m. List the prime factors of m.
2, 3
Let x = -145 - -204. List the prime factors of x.
59
Let b(w) = w - 11. Let c be b(9). Let n be (c + 2)/(0 + 2). Suppose -s + n = -5. List the prime factors of s.
5
Suppose -3*l = x - 104, 5*x + 3*l = 508 + 60. What are the prime factors of x?
2, 29
Suppose x - 2*x = 5*u - 232, u - 56 = -5*x. What are the prime factors of u?
2, 23
Suppose l - q = 30, 0 = 3*l + q + 3*q - 55. List the prime factors of l.
5
Let z(l) = 1. Let h(g) = 2*g. Let b(y) = h(y) - 5*z(y). Let o(c) = c**2 + 2. Let f be o(2). List the prime factors of b(f).
7
List the prime factors of (-708)/(-36) - 2/3.
19
Let c = -7 - -14. List the prime factors of c.
7
Suppose 5*h - 103 = -2*z - 19, -h = -4*z - 30. Suppose 4*i = 5*o + h + 7, -3*i - o + 14 = 0. List the prime factors of i.
5
Suppose -27 + 73 = 5*w + 3*q, -3*q = -2*w + 31. List the prime factors of w.
11
List the prime factors of 218 - (-2 - 0 - (-3 + 0)).
7, 31
Let y = -28 + 28. Let d be ((-14)/8)/(2/(-8)). Suppose -2*f + f + d = y. What are the prime factors of f?
7
Let t(u) = -5*u. Let j be t(2). Let b = j - -4. What are the prime factors of (8/(-3))/(b/27)?
2, 3
Let w = 2 - -1. Suppose -h - 8 = -5, w*h = d + 1. Let u = d + 16. What are the prime factors of u?
2, 3
Let q = -92 + 224. List the prime factors of q.
2, 3, 11
Suppose -3*s + 6 = -3. What are the prime factors of 2 + s + 2 + 0?
7
Suppose 3*s = -6*p + 3*p - 33, -3*p - 48 = 4*s. Let i be 80/6*(-36)/s. Suppose -i = -0*x - 4*x. List the prime factors of x.
2
Suppose -3*a - z - 208 = 4*z, 0 = 4*a + z + 266. Let h be 114/22 + 12/a. Suppose -h*f - 5*u + 5 = 0, 2*f - 4*f - 4*u = 2. List the prime factors of f.
3
Let w be (1 - 0)/(4/(-12)). Suppose -5*y + y = 8. List the prime factors of (22/(-6) - y)*w.
5
Suppose -20 = i + 4*i. Let q = -4 - i. Suppose 2*h = -q + 4. List the prime factors of h.
2
Suppose 3*q + 4*k - 32 = -3, 0 = -4*q + k + 7. Suppose 5*g = -q*y + 22, -g + y 